41*n - 42*n, -3*o + 5*n = -1409. Let w = o + -433. What is the greatest common factor of w and g?
6
Let c be 3 - (6 - 1) - (-4 + 0). Suppose 0 = 3*r + t - 7, 5*r - c*t = 14 + 16. What is the highest common divisor of r and 116?
4
Let p(s) = -3*s + 3. Let r(x) = -3*x + 9. Let l be r(6). Let a be p(l). Suppose -132 - 216 = -29*g. Calculate the greatest common divisor of a and g.
6
Suppose -5*r + 589 = -4*z, -2*r = r + z - 367. Let m = r + 47. What is the highest common divisor of m and 48?
24
Suppose -16 - 36 = -4*n. Let o be 129*(20/(-12))/(-5). Let l = 108 - o. What is the highest common divisor of l and n?
13
Let i be 14/35 + 879/15. Suppose -2*g = -0*d + 2*d - 16, -4*g = -5*d - i. What is the greatest common divisor of g and 3?
1
Let q(c) = -c**2 - 3*c + 128. Let y be q(-8). Calculate the highest common factor of y and 1331.
11
Let x = -4217 + 4285. Let r be (-2)/(-8) + (-1358)/(-8). What is the highest common divisor of x and r?
34
Let y be 28/42*(1 - (-3577)/2). Let h = y + -712. Calculate the greatest common factor of 13 and h.
13
Let o be 3 + (41442 - -4) - (23 + -24). What is the greatest common factor of o and 50?
50
Let d be ((-15)/3)/((-5)/2). Let p(h) = -h**2 + 10*h - 14. Let u be p(d). Let y be (-4)/((8/18)/(-2)). What is the highest common factor of u and y?
2
Let s be (3 - 1)/((-6)/(-255)). Let q(z) = -2*z - 60 - 94 - 2*z - 5*z. Let c be q(-19). What is the greatest common divisor of c and s?
17
Suppose -5*m + 36 = -3*m - y, -3*y + 54 = 3*m. Let g(z) = -27*z - 45. Let a be g(-23). Suppose b = -3*b + a. What is the greatest common divisor of m and b?
18
Let b = 1347 + -1266. What is the greatest common divisor of b and 288?
9
Suppose -2*j - 2*b + 8 + 28 = 0, 3*b = 9. Suppose 0 = j*n + 40 - 250. Calculate the highest common divisor of 21 and n.
7
Suppose 42*q = 38*q + 3540. Let z = q - 695. Let p = 201 - 125. What is the highest common divisor of z and p?
38
Let s be (-13)/((-13)/(-12))*(-13)/((-676)/(-1027)). Calculate the highest common factor of 7742 and s.
79
Let h(i) = -8*i**3 + 4*i**2 - 36*i + 1. Let d be h(-5). Calculate the greatest common divisor of 147 and d.
21
Suppose 5*q = 0, 2*d + 491 = -q - 13. Let h = d - -255. Calculate the highest common factor of 141 and h.
3
Let i(u) = 22*u + 620. Let z be i(0). Calculate the highest common factor of z and 60.
20
Suppose 4*d + 2*c = 266, 2*c = 5*d - 56 - 272. Let r = d - 60. Suppose 8*s = -r + 30. What is the highest common factor of s and 15?
3
Let h(q) = 22*q + 1024. Let c be h(-44). Suppose 5*b - 303 = -93. Suppose 3*u = b - 18. Calculate the greatest common divisor of u and c.
8
Suppose -3*o + 71 + 29 = -5*r, o + r - 44 = 0. Let j = -46 + 84. Let v = -30 + j. Calculate the greatest common divisor of o and v.
8
Suppose 3*a = 5*z - 2*a - 80, -5*a + 20 = 0. Suppose -z*t + 4982 = -2698. What is the greatest common divisor of t and 16?
16
Let p be 4 - 6 - -1*3. Suppose -62*v = -59*v - 9. Suppose 5*n = 3*y - 1, 9 = v*y + 4*n - 1. Calculate the highest common divisor of p and y.
1
Let d(u) = -u**3 + u**2 + 991*u + 52. Let p be d(32). Calculate the highest common divisor of 244 and p.
4
Suppose 3*s + 58 = -i, 2*i = 3*s - 4*s - 136. Suppose 4*g - 16 = 4*p + 176, 57 = -p + 4*g. Let u = p - i. What is the greatest common factor of u and 10?
5
Let l be ((-18)/15)/(0 - 6/20). Suppose -29 = -l*c + 171. Calculate the highest common factor of c and 10.
10
Let x(j) = 3*j**2 + j - 52. Let l be x(0). Let r be 2*(-13)/(l/486). Calculate the greatest common factor of 45 and r.
9
Let z = -15505 + 15582. Calculate the highest common divisor of z and 253.
11
Let q = -273 - -581. Let i = -198 + q. Suppose 40*o - i = 38*o. Calculate the highest common factor of 33 and o.
11
Suppose 0 = 4*l - 11005 + 10953. What is the greatest common factor of 59 and l?
1
Suppose 37*b - 40*b + 12 = 0, -1037 = -y - 2*b. Calculate the greatest common divisor of 196 and y.
49
Let a be (-1 + -12)/((-30)/180). Suppose 80*o - a*o - 8 = 0. What is the highest common divisor of 14 and o?
2
Suppose 4*g - 3 + 123 = 0. Let s = -33 - g. Let m(f) = -48*f. Let q be m(s). What is the highest common factor of q and 16?
16
Suppose -4*k - 2*p + 68 = 3*p, -4*k + 3*p + 68 = 0. What is the greatest common divisor of k and 6001?
17
Let s = 37 + -27. Suppose 7*d = -7*d + 9940. Calculate the greatest common divisor of d and s.
10
Let s(j) = 3517*j - 1226. Let i be s(7). Calculate the highest common factor of 149 and i.
149
Let f be 1/(-10 - 497/(-49)). Calculate the highest common factor of f and 287.
7
Let s be (11 - (-6647)/85)/(2/1060) - 6. Calculate the highest common factor of s and 290.
290
Let q(l) = -l**2 + 14*l - 27. Let k be q(11). Let z be (-2)/((12/(-9))/(-1))*59*-4. What is the greatest common factor of z and k?
6
Suppose 2*k = -17 + 53. Suppose -5*g + 5*o = -155 - 820, 0 = -2*o + 6. Calculate the greatest common factor of k and g.
18
Suppose -423*r + 6111 = -11409 - 8706. What is the greatest common divisor of r and 24?
2
Suppose 5*v = -c + 135, -v = 2*v - 5*c - 81. Suppose -10*z + 13 = -v. What is the greatest common factor of z and 28?
4
Let t(q) = -10*q**2 + 26*q + 30. Let d be t(3). Calculate the highest common divisor of d and 14922.
18
Suppose -352 = -v + 488. Let i = v - 541. Calculate the highest common divisor of i and 23.
23
Suppose 0 = 14*q + 37*q - 765. What is the highest common divisor of q and 4155?
15
Let r = 34 + -19. Let h be (-15)/((-4)/(-5 + 1)). Let z(k) = k**2 + 17*k + 60. Let t be z(h). What is the highest common factor of r and t?
15
Let h(z) = 8*z**3 - z**2 - 5*z - 10. Let p be h(3). Let o be (5 - (-63)/(-15)) + (-772)/(-10). Calculate the greatest common factor of o and p.
26
Let c(k) be the first derivative of k**3 + 25*k**2/2 + 18*k + 179. Let w be c(-11). Calculate the greatest common divisor of 583 and w.
53
Suppose 5*t - 5*w - 249 - 6 = 0, 5*w + 200 = 4*t. Calculate the greatest common factor of 55 and t.
55
Let b(v) = -2*v**3 - 5*v**2 + 3*v + 20. Let d be b(-4). Let q = d - -8. What is the greatest common divisor of q and 448?
64
Suppose -4*d - 47 = -2*l + 261, d = -5. Calculate the highest common factor of 2916 and l.
36
Let i = -5 + 14. Let x(h) = -h**2 + 17*h - 11*h + 6*h - 9 - h. Let l be x(i). What is the greatest common divisor of 9 and l?
9
Let x = -45 + 76. Let u(z) = 2*z - 33. Let p be u(x). Let g(q) = q**3 + q**2 + q + 29. Let k be g(0). Calculate the highest common divisor of p and k.
29
Let b(g) = g**3 + 8*g**2 - 8*g + 9. Let s be b(-9). Suppose s = 10*i - 9*i. Suppose i*t = -4*t + 28. What is the highest common divisor of t and 14?
7
Let i = 94 + -87. Suppose 5 = 2*r - 19. Suppose -r*k + 35 = -7*k. What is the greatest common factor of i and k?
7
Let f = -36 + 33. Let t be 3*21 - (4 - 3)*f. What is the highest common factor of 6 and t?
6
Let d(u) = 2*u**3 + 3*u**2 - 3*u - 3. Let a be d(-6). Let v = -308 - a. Calculate the greatest common divisor of 32 and v.
1
Suppose 1630*t - 970 = 1533*t. Let m = 4 + -3. Let j be -12*(m + 4/(-3)). What is the highest common divisor of j and t?
2
Let l(w) = 5*w**2 + 67*w - 21. Let a be (-5)/(-4 + 1 - (-280)/84). Let p be l(a). Calculate the highest common factor of p and 11.
11
Suppose y + 4*a = 10, -4*y + 2*a = -2*a - 20. Let o = 1075 - 973. What is the greatest common factor of o and y?
6
Suppose 0 = 29*y - 24*y - 5. Let w = 130 + -86. Let r = w + -43. What is the greatest common divisor of r and y?
1
Let o(t) be the first derivative of t**3/3 - t**2/2 - 9*t - 1. Let z be o(4). Calculate the greatest common divisor of z and 9.
3
Let o = -692 - -791. What is the highest common factor of o and 5214?
33
Let v be 6*(-44)/33 + 57. Calculate the highest common divisor of 28 and v.
7
Let o be (-146 - (1 + 0))/(-1). Suppose 0 = -3*d - 20 + 44. Suppose 0 = -d*h + 45 + 123. What is the highest common divisor of o and h?
21
Suppose 2829 - 953 = 4*q - 4*w, 5*q = -w + 2321. Let l(j) = j**3 - 89*j**2 + 990*j + 34. Let f be l(76). Calculate the highest common divisor of q and f.
93
Suppose 3*f + 69154 = 3*u + 4*f, 4*f = -5*u + 115252. What is the greatest common divisor of u and 113?
113
Suppose 26760 = 37*y - 2655. What is the greatest common factor of y and 435?
15
Let b be 5*96/(-40)*(-4)/8. What is the highest common divisor of 7122 and b?
6
Let a = 15